
3
Let g be ((-10)/4)/(1/(-2)). Suppose x + 116 = g*x. What is the units digit of x?
9
Suppose b = 56 + 69. What is the units digit of b?
5
Suppose x + 9 = 4*x. Suppose 4*i + 59 = 3*l + x*i, 3*i = -3*l + 39. What is the units digit of l?
8
Let p(d) = -3*d**2 + 13*d + 18. Let i(h) = h**2 - 4*h - 6. Let o(r) = -8*i(r) - 3*p(r). Let j be o(8). Suppose j*a - 10 = 12. What is the units digit of a?
1
Let v(u) = -u**2 - 6*u + 6. Let m(p) = 2*p**2 + 11*p - 11. Let j(w) = 4*m(w) + 7*v(w). What is the units digit of j(-4)?
6
Let j(m) = 6*m - 35. What is the units digit of j(21)?
1
Suppose -3*z - 2*f = -0*z - 662, 3*f + 877 = 4*z. What is the units digit of z?
0
Let d = -12 + 18. Suppose -a - 40 = -d*a. Suppose 1 + a = y. What is the units digit of y?
9
Suppose -2*x = 3*s - 279, -4*x - 363 = -3*s - 66. What is the tens digit of s?
9
Let d(t) = -t**3 - 5*t**2 + 5*t. Let s be d(-6). Let u(o) = o**3 - 5*o**2 - 4*o - 5. What is the units digit of u(s)?
7
Let w be 6*(3 - (-15)/(-6)). Suppose w*d + 0*d = 81. What is the units digit of d?
7
Suppose 0 = 5*f - 20 + 5. Let w(b) = 2*b**3 - 5*b**2 + 4*b - 2. What is the tens digit of w(f)?
1
Suppose -3*y + 5*y + 88 = 0. Let b = y - -65. What is the tens digit of b?
2
Let z be (-10)/(-4)*(-48)/(-60). What is the units digit of (-2 - z) + 5 - -4?
5
Suppose 2*j = m - 19, 4*m + 14 = -2*j + 50. Suppose m = -4*z + 3. What is the tens digit of (z + 2 + 11)*1?
1
Suppose 2*d + 12 = 6*d. Suppose 0 = k - d*k + 4. What is the units digit of k?
2
Let t(x) = 5*x - 7*x**2 - 5 + 4*x**2 + 4*x**2. What is the tens digit of t(4)?
3
Suppose 224 = -12*b + 16*b. What is the tens digit of b?
5
Let r = -8 - -10. Suppose -28 = -r*s - 2*s. What is the units digit of s?
7
Let j(x) = -2*x**3 + 13*x**2 - 2*x + 5. What is the units digit of j(6)?
9
Let k = 57 + -33. What is the tens digit of (-8)/k - 154/(-3)?
5
Let q(z) = 7 - 3*z + 2*z - 3 + 0. Let t = -7 + -1. What is the units digit of q(t)?
2
Let r = 8 + -5. Suppose r = -c - 0. What is the units digit of (1/c)/((-5)/60)?
4
Let z = -4 - -5. Suppose 2*c + 3 = -z. Let o = c + 4. What is the units digit of o?
2
Suppose -2 = -l + 26. What is the units digit of l?
8
Let d = 9 - 9. Suppose d = p + p - 26. What is the units digit of p?
3
Let g = -3 - 3. Let b = -3 - g. Suppose -b*a + a + 14 = 0. What is the units digit of a?
7
Suppose 0 = -p - 4*p + 20. Suppose -48 = -4*w - p*d - 0*d, 2*w - 3*d - 49 = 0. What is the tens digit of w?
1
Let z be (-18)/12*2/(-1). Suppose z*n = 22 + 35. What is the units digit of n?
9
Let d = 3 - -8. Let h = 16 - d. Suppose 0 = k - 0*k - h. What is the units digit of k?
5
Let b(c) = -c**2 - 15*c - 14. Let t be b(-14). Let s = 16 + t. What is the tens digit of s?
1
Let b(f) = -f**2 - 35*f + 1. What is the units digit of b(-8)?
7
Suppose 0*a = -4*a + 40. Let b = a - 5. What is the units digit of b?
5
Let a(v) = -2*v - 4 + v + 2*v - 2*v. Let q be a(-4). Let w = 5 - q. What is the units digit of w?
5
Let g(u) = 5*u**2 - 7*u + 2. Let w be g(5). Suppose -h = 3*h - w. What is the tens digit of h?
2
Suppose -2*o + 4*o + 45 = -3*v, o - 2*v + 5 = 0. Let a be 6/o + (-111)/(-15). Let s = a + -1. What is the units digit of s?
6
Suppose 3*d = 4*d - 16. Let t = 2 - 2. Suppose -3*n = 2*y - 25 + 1, -2*n - 4*y + d = t. What is the units digit of n?
8
Let t(i) = i**3 - 2*i**2 + 4*i + 3. Let b be t(5). Suppose 5*u - 17 = b. What is the tens digit of u?
2
Let x be (-1 - -2) + -1*29. Let w = 10 - 14. What is the units digit of 6/w*x/6?
7
Let c = 182 + -108. What is the units digit of c?
4
Suppose 8*a - 990 = -6. What is the tens digit of a?
2
What is the hundreds digit of (-4992)/(-15) + 6/30?
3
Let f(l) be the first derivative of -2*l**2 - 5*l + 2. Let h(w) = 3*w + 5. Let q(u) = -5*f(u) - 6*h(u). What is the units digit of q(5)?
5
Suppose -7*u + 3*u - 20 = -4*c, 5*c - u = 29. Suppose -5*x = 4*j - 45, -c*j + 3*x - 5 = -4*j. What is the units digit of j?
5
Let i(j) = -21*j - 2. Let o be i(3). What is the tens digit of (1 + -3)*o/10?
1
Let o(b) = -b**2 - 6*b + 2. Let u = 12 - 18. Let l be o(u). Suppose w - l = 5. What is the units digit of w?
7
Let m = 49 + -70. What is the tens digit of (-3 - m/12)*-12?
1
Suppose m = -0*m + 5. Suppose -18 = -3*t + p - 3*p, -12 = -2*t + m*p. What is the units digit of (t/(-8))/((-1)/12)?
9
Suppose 9*r - 4*r = 0. Let i = r - -1. Suppose 2*s = 7 + i. What is the units digit of s?
4
Suppose -7*u - 190 = -3*l - 2*u, -4*l = -5*u - 250. What is the tens digit of ((-9)/(-6))/(9/l)?
1
Suppose -2*u + 1 = 9. Let g = -10 - -4. Let j = u - g. What is the units digit of j?
2
Suppose -5*c = 4*c - 243. What is the units digit of c?
7
Let s = 18 - 2. Let v = -11 + s. Let w(m) = m. What is the units digit of w(v)?
5
Suppose -3*r = -2*u - 0*u - 1, -3*u + 3 = 0. Let s = r + 3. Suppose s*h - 40 = -h. What is the units digit of h?
8
Suppose -3*v + 4 = -8. Suppose 2*p = 4*q - 10, 0*q - v*p - 16 = -4*q. What is the units digit of q?
1
Let v be 1*(-3 + 3 + 0). What is the tens digit of v + 23 - (2 - 3)?
2
Suppose -2*z = -10 + 4. Let s = 2 + z. What is the units digit of s?
5
Let w(h) = 4*h - 13. What is the units digit of w(4)?
3
Suppose -s - 4 = -254. What is the units digit of s?
0
Let n be (3 - 27)/(-4) - 1. Suppose -31 = -3*x + 3*m + n, -x - 4*m = 3. What is the units digit of x?
9
What is the units digit of (1 + 3)/(-8)*-6?
3
What is the units digit of 4/10 + 2 + (-463)/(-5)?
5
Let p(j) = -3*j + 11. Let a(v) = 13*v - 43. Let x(i) = 2*a(i) + 9*p(i). Suppose -5*g + 114 = -4*d + 34, 2*g + d = 19. What is the units digit of x(g)?
1
Let p(z) = z - 3. Let m = 3 + 2. Let r be p(m). What is the units digit of (-2 + 3)*(1 + r)?
3
Let g = 9 + -6. Suppose -j - 5*b = g, -3*j - 2*b + 7*b = -11. What is the units digit of j?
2
Let d = 9 - 15. Let p(c) = -13*c - 33. Let x(u) = 7*u + 17. Let i(j) = d*p(j) - 11*x(j). What is the units digit of i(-6)?
5
Let j = 46 - 25. Let i = j + -9. Suppose 4*w + 5*n = 29, 5*w + i = 2*w + 3*n. What is the units digit of w?
1
Suppose -3*b - 3 + 15 = 0. Suppose -2*n + 0 = -b. Suppose z + 3*c = n*z - 6, -c = -4. What is the units digit of z?
8
Suppose 2*c = 5*c + 15. Let g be ((-78)/91)/(2/14). Let z = c - g. What is the units digit of z?
1
Suppose c - 53 = 6*a - 2*a, 127 = 2*c - a. What is the units digit of c?
5
Suppose 4*k + 2*f = 20, -5*k + 5*f + 0 = 5. Let m(t) = 4*t + 5. What is the units digit of m(k)?
7
Suppose -q - 2*u = -10, 9 - 1 = 4*u. Let n be (-2)/3 + 6/9. Let o = q - n. What is the units digit of o?
6
Suppose l - x + 7 = 0, -5*x = -l - 2*l - 29. Let q = 9 + l. Suppose -i = -3*p - 2, -q*p - 5 = -p - 2*i. What is the units digit of p?
1
Suppose t + 2*t = 216. What is the units digit of t?
2
Suppose w - 92 = -0*w + 4*q, 5*w - 4*q = 492. What is the units digit of w?
0
Let b = -10 + 40. What is the tens digit of b?
3
Suppose -5*h - 214 + 26 = -3*j, -10 = -2*h. What is the tens digit of j?
7
Let h = 25 - 24. What is the units digit of h?
1
Suppose 20 = 2*q + 3*q. Suppose 54 = q*h - h. What is the tens digit of h?
1
Suppose -32 = -4*x - 12. Suppose x*b + 0 - 80 = 0. Let z = b - 7. What is the units digit of z?
9
Suppose 0 = 4*h - k - 173, 5*k - 5 = 10. What is the tens digit of h?
4
Suppose 3*o + 5 = f, -3*o = -3 - 6. Let h be (-2)/(-3) + f/6. Suppose 0*v = -h*v + 30. What is the units digit of v?
0
Let g(j) be the first derivative of j**3/3 - 2*j - 1. Let l be 3/18 - 17/(-6). What is the units digit of g(l)?
7
Let k(p) = 4*p - 2. Let x be k(2). Let y(m) be the third derivative of m**4/24 + m**3/3 + 2*m**2. What is the units digit of y(x)?
8
Let f(u) = -u**3 - 25*u**2 + 18*u + 1. What is the units digit of f(-26)?
9
Let v be ((-64)/(-40))/((-2)/10). Let x be ((-33)/2)/(v/16). Suppose 0 = 4*h + 5*y - 26 - x, -40 = -5*h + 5*y. What is the tens digit of h?
1
Let d be (-3 - -2)*(3 + -3). Suppose 13 = q - 4. What is the tens digit of (2 - (d - -5)) + q?
1
Suppose 2*u = -2*d + 8, -d + 8 = 2*u + 2*d. Suppose u*y = y + 21. What is the units digit of y?
7
Let u(w) = -2*w**3 + 4*w**2 + 2*w + 4. What is the units digit of u(-3)?
8
Let h(y) = y**2 - 14*y + 12. What is the units digit of h(15)?
7
Let u(n) = -n + 7. Let i be u(-5). Let r = -5 + i. What is the units digit of r?
7
Let i(x) = x**3 - 6*x**2 + 7*x - 5. Let c be i(5). Let k = -4 + c. What is the units 